 = 184 - 96. Let l(i) = y + 3*i**3 - 2*i**3 - 90. Determine l(0).
-2
Suppose 4*x + 5*l - 1 = 0, 4 = -5*x - 23*l + 22*l. Let h(s) = -4*s**2 + s. Determine h(x).
-5
Suppose 0 = -9*i + 11*i - 32. Let l(p) = -30*p + 15*p + i*p - 4. Give l(-3).
-7
Let w(u) = u**2 + 13*u - 6. Let b be -5 + ((-29)/4 - 6/8). Determine w(b).
-6
Let u(f) be the second derivative of -9*f - 4*f**2 + 7/12*f**4 - 2/3*f**3 + 0 + 1/20*f**5. Give u(-7).
20
Let c(k) = k**2 + 8*k + 7. Let z be (-8)/2*3/2. What is c(z)?
-5
Let u = -7 - -3. Let c(p) be the third derivative of p**4/24 + 7*p**3/6 + 26*p**2. Give c(u).
3
Let j(d) be the second derivative of -d**4/12 + 7*d**3/6 - 7*d**2/2 + 2*d - 4. Suppose -5*c = 2*k - 32, 2*c = -4*k + 7*c + 4. Determine j(k).
-1
Let a(u) be the third derivative of 11*u**4/8 + 131*u**2. Give a(-1).
-33
Let t(f) = 8*f**2 - 7*f**2 + 2*f - 4*f. Let w be t(3). Let v(m) = -m**3 + 3*m**2 + 3*m - 1. What is v(w)?
8
Let k(l) be the second derivative of -1/20*l**5 + 0 + 0*l**2 - 3*l + 1/12*l**4 + 0*l**3. Let f(x) = x + 2. Let s be f(0). Calculate k(s).
-4
Let f(d) = d**3 - 61*d**2 + 231*d - 178. Let n be f(57). Let k(z) = -6*z - 21. Determine k(n).
21
Let r(d) = -d**3 + 7*d**2 - 5*d - 6. Let x(f) = 4*f - 3. Let u(b) = -b - 1. Let p(w) = 5*u(w) + x(w). Let k be p(-14). Calculate r(k).
0
Suppose 20*r - 3*q = 21*r, 5*q + 51 = 4*r. Let a(j) = j**2 - 6*j - 26. What is a(r)?
1
Let s be 35/10 + 11 + 1/(-2). Let g(t) = -t**3 + 13*t**2 + 12*t + 11. Calculate g(s).
-17
Let h = 54 + -52. Suppose -10 = -h*g - 14. Let j(c) = -3*c + 2. What is j(g)?
8
Let b(q) = -6*q + 13. Let m(h) = -3*h + 6. Let l(a) = 2*b(a) - 5*m(a). Let u be l(6). Let p(o) = -2*o + 2*o + u*o**2 + 0*o. What is p(-1)?
14
Let a = 27 - 26. Let z be 0 - (a - 26)/5. Let q(n) = n**3 - 6*n**2 + 4*n - 1. Calculate q(z).
-6
Let c(b) = -1 - 5 + 0*b + b. Let p(v) = -3*v**3 + 53*v**2 + 20*v - 36. Let n be p(18). Give c(n).
-6
Let f be (18 - 26) + 10/2. Let h(v) = 2*v**2 + 5*v + 3. Give h(f).
6
Let q(u) = 7*u**2 + u - 5*u**2 - 4*u**2 + 0*u**2. Give q(3).
-15
Suppose 4*v - 3*v + 22 = 0. Let r = v + 20. Let b(y) be the second derivative of y**3/6 + y**2 - 3*y. What is b(r)?
0
Suppose -26*t = -28*t - 4. Let p be (44/(-55))/(t/20). Let l(h) = -h**2 + 7*h + 4. What is l(p)?
-4
Suppose -5*u + 5 = -3*x, 3 = 3*u + 17*x - 18*x. Let z(f) = -11*f - 6. Let s(m) = -10*m - 5. Let o(c) = -5*s(c) + 4*z(c). Determine o(u).
7
Let g(w) = 4*w**2 - 1. Let s(j) = 11*j - 2. Let b be s(-2). Let a be 20/(-6)*b/10. Let o = -9 + a. Give g(o).
3
Let y(t) = 4*t**3 - t**2 + t + 1. Let h(c) = 23*c**3 - 3*c**2 + 14*c - 6. Let z(m) = h(m) - 6*y(m). Determine z(5).
-22
Let h(j) = -3*j**2 + 25*j - 2. Let i be h(8). Let x(k) = -2*k + 18. Give x(i).
6
Let y(l) be the first derivative of -l**4/4 + 5*l**3/3 - 30. What is y(3)?
18
Let i(s) be the second derivative of -4*s - 1/3*s**3 + 0 + s**2 + 1/12*s**4. Suppose 4*y = -12, -y - 4 = 2*w - 9. Calculate i(w).
10
Let o(f) = -f**2 + 3*f**2 - 7385*f + 7383*f - 4. Calculate o(-3).
20
Let i(r) = -2*r**3 - 7*r**2 + r + 2. Let t(w) = w**3 + 6*w**2 - w - 2. Let d(v) = -2*i(v) - 3*t(v). Give d(2).
-4
Let n(t) = 5*t - 1. Let q(d) = -d**3 - 4*d**2 + 2*d + 13. Let p be q(-4). Suppose v = -p*b - 9, b + 4*v + 21 = -v. Give n(b).
-6
Let j(b) = -4*b + 13. Let x(a) = -8*a + 24*a - 19*a + 12. Let n(s) = 2*j(s) - 3*x(s). What is n(0)?
-10
Suppose -a = -2*a + 10. Suppose 5*l + 5*z = -15, z = -z - a. Let u(h) = -3*h**2 + 2*h + 1. What is u(l)?
-7
Let n(k) = 8 - 7*k**2 + 2*k**2 + 5*k**2 + 10*k + 2*k**2. What is n(-6)?
20
Suppose 2*y - 8 = 6*y. Let k(f) = 2*f**2 + 11*f + 4. Let p be k(-6). Let l(i) = 8*i - 2*i - p*i. Give l(y).
8
Let q(s) = s**2 + 5*s + 5. Let p be (-13)/3 - 1/(3/2). What is q(p)?
5
Let o = -637 + 639. Let b(g) be the third derivative of 1/4*g**4 - 1/6*g**3 + 0*g + 10*g**o - 1/60*g**5 + 0. Calculate b(6).
-1
Let l(g) = -9*g**2 + 16*g - 10. Let n(u) = -18*u**2 + 32*u - 20. Let x(p) = 5*l(p) - 2*n(p). Let f(y) = 4*y**2 - 8*y + 5. Let m(v) = 7*f(v) + 3*x(v). Give m(8).
5
Let z(k) be the second derivative of k**7/2520 + k**6/144 - k**5/40 + k**4/12 - 2*k. Let s(g) be the third derivative of z(g). Let m = -61 + 58. Calculate s(m).
-9
Let m(j) = j + 4. Suppose 0 = -4*u - 67 - 13. Let x(c) = -15*c**2 + 2*c - 1. Let g be x(1). Let a = g - u. Calculate m(a).
10
Let k(c) = c**3 - 7*c**2 + 2. Let n be k(7). Let z(o) = -333*o - 344*o + 678*o + 1. Give z(n).
3
Let m(r) = -7*r**2 + 4*r - 5. Let l be m(1). Let c(y) = 5*y**3 + 14*y - 8. Let h(n) = -3*n**3 - 9*n + 5. Let w(f) = l*h(f) - 5*c(f). Give w(-2).
4
Suppose -5*x - 17 = -5*o - 2, 6 = -2*x - o. Let s(h) = -h**3 - 2*h**2 + 4*h + 6. Determine s(x).
3
Let w(y) be the second derivative of y**4/12 - y**3/6 + 3*y**2/2 - y. Let u be (15/9)/(3/9). Suppose -3*j = -2*j - 5*n - 23, 7 = u*j + 2*n. What is w(j)?
9
Let n(l) = 3*l - 4. Let u(z) = 16*z - 30*z + 10*z - 8 + 9*z. Let s(y) = 11*n(y) - 6*u(y). Determine s(-5).
-11
Let t(m) = 3*m**2 - m - 1. Let y(b) = -16*b**2 + 6*b + 6. Let i(o) = -6*t(o) - y(o). Determine i(1).
-2
Let x be (1/(-1))/((-1)/(-7)). Let g(t) = -204*t**3 - 205*t**3 + 7*t**2 + 7 + 617*t**3 - 207*t**3. Give g(x).
7
Let l(k) = -k**3 + k + 4. Suppose 0 = t + 4*p - 3*p, 4*p + 9 = -t. Give l(t).
-20
Let b(t) = t**2 - 9*t - 19. Suppose 171*y - 225 = 146*y. Determine b(y).
-19
Let u(o) be the third derivative of o**5/60 - 5*o**4/24 - 2*o**3/3 - 10*o**2 + 17. Let b be (12/(-14))/(2/(-14)). What is u(b)?
2
Let n(j) = 2*j**3 - 2*j**2 + 9*j - 5. Let m(r) = -r**3 - 4*r + 3. Let t(x) = -7*m(x) - 4*n(x). Calculate t(7).
-8
Let r(t) = -527*t - 6 + 528*t + 1. Let s = -4 - -7. Suppose -s*b = -4*b. Calculate r(b).
-5
Let u = -97 + 86. Let n be 6*(2/u - (-296)/176). Let v(b) = -b**3 + 9*b**2 + 1. What is v(n)?
1
Let c(j) = 2 + 2*j**2 - 2 - j. Suppose -v + z = 6, 8 = -0*v - 3*v + z. Determine c(v).
3
Let n(f) = -3*f**3 + 6*f**2 + 7*f - 4. Let o(m) = 2*m**3 - 7*m**2 - 8*m + 2. Let y(a) = 3*n(a) + 4*o(a). What is y(-9)?
14
Let d(g) = g**2 - 5*g + 5. Suppose 2*v + 0*r = -3*r + 18, -4*v - 8 = -5*r. Let n be d(v). Let j(k) = -6*k**3 + 2*k**2 - 1. Determine j(n).
7
Suppose 0 = 22*k - 20 - 46. Let h(l) = 3*l - 2. What is h(k)?
7
Let s(b) = -2*b**3 + 2 + b + 24519*b**2 + 0*b - 24518*b**2. Calculate s(2).
-8
Let k(l) be the second derivative of -20*l - l**3 + 1/12*l**4 - 1/2*l**2 + 0. Calculate k(6).
-1
Let d = -159 + 319/2. Let z(w) be the first derivative of 5 - 8*w - d*w**2. What is z(-6)?
-2
Let l be (0 - (-3)/4)*4. Let z(x) = 22*x**2 - 11*x - 7. Let d(p) = 5*p**2 - 2*p - 1. Let n(c) = 4*d(c) - z(c). What is n(l)?
-6
Let w be 3 - (-2 + 13 - 2). Let t(h) = -2*h + 10. Let b(c) = -c + 5. Let r = -4 - 5. Let n(f) = r*b(f) + 4*t(f). Give n(w).
-11
Let i(b) = 28*b - 5. Let s(m) = 13*m - 2. Let u(k) = 3*i(k) - 7*s(k). What is u(-4)?
27
Suppose f = -0*h - 2*h - 6, 2*f = -2*h - 4. Let p(k) = -k**3 + 2 + 0*k**3 - 2*k**f + 3*k**2. Let d be 24/14 + 4/14. Give p(d).
-2
Let z(x) be the first derivative of -4*x**3/3 + 3*x + 144. Give z(3).
-33
Let p(b) = -3*b**2 + 2*b - 1. Suppose 3*a = 6, -t = 6*a - 9*a + 5. Give p(t).
-2
Let f(q) = q**2 - 8*q + 3. Suppose -5*k + 6 = -4*k. Give f(k).
-9
Let f(a) = -2*a - 1. Let k = -171 + 169. Give f(k).
3
Let r(y) = y**2 - 9*y + 18. Suppose 0*k + 7*k - 56 = 0. What is r(k)?
10
Let g(w) be the third derivative of -w**4/6 + w**3/6 - 2*w**2. Suppose v = -0*v + 2*q + 83, 0 = 4*v + q - 323. Let d = 82 - v. Calculate g(d).
-3
Let y(i) = 3*i**2 - 2*i + 1. Let b = -203 - -204. What is y(b)?
2
Let i be -5 + 5 + (2 - 11). Let c be (0 + -6)*6/i. Suppose c*q - 8 = 4, -5*x - 6 = 3*q. Let z(r) = r**3 + 5*r**2 + 5*r + 2. Calculate z(x).
5
Let u(r) = 3*r**2 + 14*r - 6. Let k be u(-6). Suppose -s - 12 + k = 0. Let w(z) = -5 - 3 + s*z - 2*z**2 + 3 + 3. What is w(4)?
-10
Let o(g) be the first derivative of g**5/20 - 2*g**4/3 - g**3 - 5*g**2 + 47*g + 7. Let f(b) be the first derivative of o(b). Calculate f(9).
17
Let w(r) be the second derivative of -r**7/840 - 7*r**6/360 - r**5/120 - 3*r**3/2 + 23*r. Let n(h) be the second derivative of w(h). What is n(-7)?
7
Let o = -34 + -2. Let a = 39 + o. Let k(z) = z + 1. Calculate k(a).
4
Let j(x) = -26*x + 12 + 35*x + 122*x**2 - 121*x**2. What is j(-6)?
-6
Let w(r) = r - 4. Suppose 6*j = j - 45. Let g be j/(3 - 6) - -2. What is w(g)?
1
Let 